) = 15*s + 7. Give k(-3).
-38
Let w(g) = -g**2 - 4*g - 6. Give w(-4).
-6
Let n(v) = v**3 - 10*v**2 + 5*v - 25. Calculate n(10).
25
Let y(j) = -j + 4. Determine y(5).
-1
Let w(d) = -d + 5. Determine w(12).
-7
Let j(q) = 5*q + 18. Give j(-4).
-2
Let w(c) = c**2 - 6*c - 12. Determine w(5).
-17
Let n(c) = -c**2 + 6*c + 11. What is n(4)?
19
Let p(j) = 8*j**2 + 3*j + 2. Calculate p(-2).
28
Let r(w) = 2*w**3 + 23*w**2 - 18*w - 81. Determine r(-12).
-9
Let r(q) = -16*q - 34. Determine r(-2).
-2
Let c(a) = a**2 + 15*a - 3. What is c(-14)?
-17
Let k(m) = -2*m + 19. Give k(8).
3
Let r(f) = -18*f - 188. Calculate r(-10).
-8
Let a(z) = -z**2 - 5*z + 9. Give a(-6).
3
Let b(n) = -n**3 + 13*n**2 - 6*n + 5. What is b(12)?
77
Let v(f) = -7*f**2 + 10*f - 6. Determine v(2).
-14
Let p(l) = l**2 - 5*l - 2. Calculate p(6).
4
Let k(i) = -i**2 - 8*i + 47. Calculate k(-10).
27
Let r(z) = z**3 + 7*z**2 - 11*z + 6. Calculate r(-8).
30
Let w(r) = -r**3 - 2*r**2 + 32*r + 2. Determine w(-7).
23
Let z(o) = o**3 - 3*o**2 - 6*o - 4. Determine z(4).
-12
Let j(m) = -3*m**2 - m - 1. Give j(-1).
-3
Let k(u) = -u**2 + u + 39. Determine k(0).
39
Let m(a) = -3*a + 50. Calculate m(16).
2
Let x(g) = -g**3 + 10*g**2 + 12*g + 5. Calculate x(11).
16
Let f(p) = -p**3 - 8*p**2 + 6*p + 25. What is f(-8)?
-23
Let g(f) = -f**3 - 5*f**2 + 6*f - 8. What is g(-6)?
-8
Let r(s) = 100*s + 10. Give r(-1).
-90
Let i(b) = -b - 6. What is i(8)?
-14
Let k(w) = w**3 + 14*w**2 + 26*w + 28. Calculate k(-12).
4
Let u(d) = -d**3 + 5*d**2 + d - 2. Give u(5).
3
Let z(r) = -r**3 - 7*r**2 - 5*r + 19. Determine z(-6).
13
Let h(t) = 2*t - 10. Give h(4).
-2
Let t(b) = -b. Calculate t(-1).
1
Let g(x) = -4*x**2 + 27*x - 16. Determine g(8).
-56
Let o(g) = 2*g**2 - 4*g + 6. What is o(2)?
6
Let k(w) = 5*w - 30. Give k(16).
50
Let t(y) = -y**3 + 10*y**2 - 7*y - 8. Calculate t(9).
10
Let n(y) = -y**3 + 6*y**2 - 7*y + 5. Give n(4).
9
Let f(l) = -2*l - 42. Determine f(-13).
-16
Let i(r) = 4*r + 67. Determine i(-19).
-9
Let b(j) = -12*j - 4. Determine b(6).
-76
Let o(r) = -3*r**3 - 4*r**2 - r + 7. Calculate o(-3).
55
Let l(w) = -2*w**2 + 12*w + 10. Calculate l(7).
-4
Let y(f) = -2*f**2 - f + 8. Give y(7).
-97
Let c(a) = -a**3 + 2*a**2 + 3*a + 1. Give c(3).
1
Let s(p) = -4*p**2 + 7*p - 2. What is s(2)?
-4
Let s(t) = t**2 + 13*t - 2. Give s(-13).
-2
Let m(w) = 42*w. Calculate m(-1).
-42
Let b(x) = -6*x - 5. What is b(-4)?
19
Let w(n) = -2*n**2 - 4*n - 1. Give w(-3).
-7
Let f(c) = -32*c - 3. Calculate f(0).
-3
Let w(r) = -r**3 - 22*r**2 - 28*r - 171. Calculate w(-21).
-24
Let p(g) = g**3 - 6*g**2 - 6*g - 6. What is p(7)?
1
Let b(i) = -i**2 - 14*i - 50. Determine b(-12).
-26
Let q(i) = -18*i**2 + 4*i + 7. What is q(-2)?
-73
Let p(x) = -4*x**2 - 4*x + 13. Determine p(3).
-35
Let q(w) = 17*w**2 - 2*w + 1. Determine q(1).
16
Let o(d) = -d**2 + 11*d - 2. Calculate o(12).
-14
Let h(a) = -7*a - 1. Calculate h(1).
-8
Let z(g) = -18*g + 16. Calculate z(-4).
88
Let w(l) = 106*l**3 + l**2 + 3*l + 1. Determine w(-1).
-107
Let m(l) = l**3 + 3*l - 12. What is m(0)?
-12
Let f(k) = -k**3 - 7*k**2 - 7*k. What is f(-6)?
6
Let f(m) = -9*m - 38. Calculate f(-17).
115
Let q(h) = h**2 - 9*h + 1. Give q(7).
-13
Let o(p) = -4*p + 9. Determine o(9).
-27
Let z(j) = 2*j**3 - 3*j**2. Calculate z(2).
4
Let v(y) = 95*y + 1. Give v(-1).
-94
Let g(m) = -4*m**2 - 6*m + 5. Give g(2).
-23
Let j(c) = c**3 + 18*c**2 + 30*c - 11. Give j(-16).
21
Let h(i) = 5*i**2 - 20*i - 3. Determine h(4).
-3
Let q(p) = 13*p - 3. What is q(-5)?
-68
Let u(o) = o - 4. What is u(6)?
2
Let t(x) = 2*x + 20. Give t(-8).
4
Let b(f) = f**3 - 7*f**2 + f - 13. Determine b(7).
-6
Let y(l) = -l**3 + 8*l**2 - l + 16. Calculate y(8).
8
Let f(s) = s**2 + 3*s - 11. Give f(-7).
17
Let u(d) = d**3 + d**2 - 6*d. Determine u(-3).
0
Let h(n) = -n**2 - 2*n + 4. What is h(-6)?
-20
Let l(p) = p**3 + 22*p**2 + 39*p - 17. What is l(-20)?
3
Let d(w) = -w**3 + 5*w**2 + 3*w - 15. Calculate d(5).
0
Let y(i) = 2*i - 4. What is y(4)?
4
Let z(r) = -r**3 + 12*r**2 + r - 10. Calculate z(12).
2
Let w(m) = 18*m + 49. Give w(-3).
-5
Let u(c) = 2*c**2 - 9*c + 8. Calculate u(5).
13
Let z(n) = -n**2. Give z(2).
-4
Let m(f) = -f**2 + 38*f - 334. Give m(24).
2
Let p(i) = 12*i**2 - 1. Give p(-1).
11
Let d(i) = -i - 3. Determine d(-15).
12
Let u(d) = -d**2 - 99*d + 737. Give u(7).
-5
Let w(z) = -2*z**3 - 2*z**2 - 3. Calculate w(-3).
33
Let h(v) = -v + 9. Calculate h(14).
-5
Let l(a) = -3*a - 9. What is l(-6)?
9
Let q(d) = -9*d**2 - 2*d - 1. Calculate q(-1).
-8
Let h(r) = r**3 - 3*r**2 + 2*r + 3. Give h(2).
3
Let m(p) = p**2 + 11*p + 18. Calculate m(-9).
0
Let r(h) = -h**3 - 8*h**2 + 4*h - 3. What is r(-9)?
42
Let k(d) = -2*d**2 - 2*d - 3. Give k(-3).
-15
Let m(b) = -b**2 + 12*b - 5. What is m(16)?
-69
Let b(m) = -m**3 - 5*m**2 + 7*m + 4. What is b(-6)?
-2
Let g(h) = 4*h - 29. What is g(-21)?
-113
Let d(r) = -r**2 + 12*r + 18. Give d(13).
5
Let q(w) = w**3 + 10. What is q(0)?
10
Let x(y) = y**3 + 3*y**2 - 8*y - 8. Give x(-4).
8
Let n(y) = 5*y + 3. Calculate n(-2).
-7
Let r(z) = 2*z**2 - 37*z + 7. Give r(18).
-11
Let i(w) = -4*w**2 - 7*w + 3. What is i(5)?
-132
Let o(q) = 19*q + 77. Calculate o(-4).
1
Let i(l) = -8*l + 3. Calculate i(1).
-5
Let q(b) = -2*b**2 - 10*b + 9. Give q(-7).
-19
Let w(z) = -z - 12. Determine w(-9).
-3
Let z(a) = 2*a**3 - 3*a**2 - 5*a + 3. Determine z(3).
15
Let x(d) = 211*d + 419. Give x(-2).
-3
Let o(q) = 18*q - 92. Give o(5).
-2
Let k(b) = -3*b**2 - 6*b + 4. Give k(-3).
-5
Let j(s) = -s**3 - 8*s**2 - 11*s - 8. Calculate j(-7).
20
Let v(s) = 2*s - 116. Give v(22).
-72
Let j(d) = -d**2 + 13*d - 32. Determine j(10).
-2
Let y(s) = s**2 - 13*s + 16. What is y(14)?
30
Let q(n) = -21*n**2 + 3*n + 3. Calculate q(-2).
-87
Let g(q) = 2*q**2 - 114*q - 234. Calculate g(59).
2
Let c(m) = -m**3 - m**2 + 21*m + 24. Give c(-5).
19
Let r(f) = -f**2 + 13*f - 5. Give r(14).
-19
Let u(q) = -9*q - 2. Determine u(-1).
7
Let v(b) = 28*b**2 - 169*b. Determine v(6).
-6
Let d(w) = w**3 - 4*w**2 + 6*w - 13. Determine d(5).
42
Let x(y) = y + 4. What is x(7)?
11
Let o(a) = -a**3 + 7*a**2 + 5*a + 1. What is o(8)?
-23
Let y(o) = -2*o**2 - 49*o + 27. Determine y(-25).
2
Let i(n) = 2*n + 3. Determine i(2).
7
Let s(i) = -2*i - 50. What is s(-25)?
0
Let v(f) = -f**3 + 21*f**2 + 21*f + 20. Give v(22).
-2
Let x(u) = -u**2 - 25*u. What is x(-25)?
0
Let w(y) = 14*y**2 + 86*y - 2. Determine w(-6).
-14
Let t(i) = -2*i - 77. Calculate t(-25).
-27
Let v(p) = -3*p + 4. Determine v(3).
-5
Let t(a) = -a**3 - 26*a**2 + 20*a - 185. What is t(-27)?
4
Let d(l) = l**3 - 5*l**2 + 1. Determine d(3).
-17
Let a(m) = -4*m + 46. Calculate a(2).
38
Let q(g) = -g**3 + 10*g**2 + 6*g + 44. What is q(11)?
-11
Let o(a) = 29*a - 3. Calculate o(-4).
-119
Let b(p) = p**3 + 2*p**2 - 17. Determine b(0).
-17
Let q(d) = d**3 + 8*d**2 - 6*d + 8. What is q(-9)?
-19
Let a(n) = -2*n + 23. Calculate a(11).
1
Let k(z) = -z**3 - 6*z**2 + 5*z + 4. Give k(-5).
-46
Let u(w) = w - 31. Give u(18).
-13
Let c(g) = 2*g**2 + 13*g + 2. Give c(-6).
-4
Let x(s) = s**2 + 5*s - 11. What is x(-9)?
25
Let x(r) = -r**3 - 25*r**2 + 39*r + 343. Determine x(-26).
5
Let c(v) = 11*v - 17. What is c(2)?
5
Let f(c) = -c**3 - 4*c**2 - c + 1. Give f(-4).
5
Let m(y) = 4*y + 13. Determine m(-4).
-3
Let b(f) = 3*f**2 - 3*f + 3. Calculate b(3).
21
Let b(n) = n**3 + 9*n**2 + 4*n + 7. Calculate b(-6).
91
Let b(d) = -2*d**3 + 17*d**2 + 14*d - 2. What is b(8)?
174
Let f(p) = -p**3 - 11*p**2 + 3*p + 27. What is f(-11)?
-6
Let m(n) = -n**2 - 5*n + 17. Give m(-7).
3
Let m(t) = -t**2 + 6*t + 7. Calculate m(8).
-9
Let i(a) = a**3 - 14*a**2 - 8. What is i(14)?
-8
Let d(g) = g + 8. What is d(-16)?
-8
Let r(j) = 2*j**2 - 17*j - 10. Determine r(9).
-1
Let z(h) = h**3 - 3*h**2 + 2*h - 9. What is z(4)?
15
Let m(b) = -b. Calculate m(-24).
24
Let i(c) = c**3 + 7*c**2 + 7*c + 2. Calculate i(-6).
-4
Let s(p) = -22*p - 1. Calculate s(-1).
21
Let y(b) = 5*b + 5. Calculate y(5).
30
Let o(k) = k**2 + 16*k - 19. Determine o(-18).
17
Let t(u) = -u**2 + 12*u - 15. Calculate t(7).
20
Let f(y) = -y**3 + y**2 - y - 2. Determine f(2).
-8
Let h(y) = -2*y**3 - 7*y**2 + 8*y - 6. Determine h(-6).
126
Let n(l) = -2*l + 5. Give n(-2).
9
Let i(f) = 12*f + 233. Give i(-19).
5
Let l(g) = -g + 37. Calculate l(21).
16
Let o(r) = r**3 + 10*r*